6*j - 115. What is b(-5)?
-4
Let u(x) = x. Let g(c) = 3*c - 1. Let i(l) = g(l) - 5*u(l). Let j(n) = 6*n**2 + n. Let m be j(-1). Determine i(m).
-11
Let c(j) = -4*j + 1. Let h(m) = -3. Let u(k) = c(k) + h(k). Give u(-7).
26
Let u(b) = 3*b + 129. Let f(j) = j + 32. Let o(d) = -9*f(d) + 2*u(d). Let k be o(-12). Let l(p) = p**3 - 7*p**2 + 5*p + 4. Give l(k).
-2
Let y(g) = g**3 - 3*g**2 + 2*g + 2. Let u = 108 + -105. Give y(u).
8
Let i(q) = q**2 - 2*q + 4. Let p be ((-2)/4)/(2/4). Let o be ((42/p)/3)/(-2). Suppose -o*a = -3*a - 12. What is i(a)?
7
Let x be (-90)/(-42) + 1/(-7). Let d(v) = -27*v**2 - v - 31*v**2 + 55*v**x. Give d(1).
-4
Let c(d) = 6*d**3 + 2*d**2 + 2*d + 1. Suppose 45*w + 90 = -0. Determine c(w).
-43
Let v(s) = 32*s + 11. Let m(p) = -11*p - 4. Let x be 5*2*(-4)/10. Let a(f) = x*v(f) - 11*m(f). Suppose 0 = -5*n + 14 - 19. Give a(n).
7
Let r(q) be the second derivative of 3*q**4/2 + q**3/6 - 116*q. Let h = 16 + -17. Calculate r(h).
17
Let c(y) be the first derivative of -3/2*y**2 + 1/3*y**3 + 4*y - 14. Calculate c(4).
8
Let h(o) = o**3 - 5*o**2 + 6*o - 2. Let j be h(4). Let n(r) = -5*r + 21. Let s(a) = -2*a + 5. Let m(c) = n(c) - 3*s(c). What is m(j)?
12
Suppose -9 = -3*h - 3*g, -3*h + 8*g - 6 = 6*g. Let o(q) be the first derivative of 1/2*q**2 - 1 - 5*q - 1/4*q**4 + 1/3*q**3. What is o(h)?
-5
Let a(u) = 2785*u**2 + 9 - 1394*u**2 - 1392*u**2. Give a(-3).
0
Let p(b) be the second derivative of -b**4/12 + 7*b**3/6 + 11*b**2/2 - 20*b + 8. Determine p(8).
3
Let t(w) = -w**2 + 8*w - 7. Suppose -8*o + 6*o + 16 = 0. Let s(b) = b**3 + 5*b**2 - 5*b + 4. Let m be s(-6). Let h = m + o. Determine t(h).
5
Let v(w) = -4 - 4 + 57*w - 56*w - 3. Suppose 5*k + 4*d = 16, 2*k - d - 4*d + 20 = 0. Give v(k).
-11
Let z = -10 - -14. Let q be (0 - -1)/((-10)/4 + 3). Let v(s) = 11*s - 8*s - q*s. Give v(z).
4
Let k be 4/(16/(-12)) - 2. Let m(f) = 22*f**2 - 7*f - 6 + 0 - 23*f**2. Calculate m(k).
4
Let p(d) = 8*d - 17. Let a be p(2). Let o(x) be the second derivative of -2*x**3/3 + x**2/2 + 3*x. Give o(a).
5
Let c(i) = -15*i + 1. Let r(g) = 11*g**3 + 47*g**2 + 11*g - 6. Let p be r(-4). Calculate c(p).
31
Let z(o) be the first derivative of o**3/3 + 9*o**2/2 + 8*o + 149. Determine z(-8).
0
Let o(f) = -3*f + 3. Suppose 72 = 19*p - 10*p. Let l(u) = 5*u - 5. Let r(i) = p*o(i) + 5*l(i). Let t be 88/14 + (-2)/7. What is r(t)?
5
Let w(z) = 4*z**3 - 75*z**2 - 57*z - 51. Let t(q) = -q**3 + 18*q**2 + 14*q + 13. Let f(n) = 9*t(n) + 2*w(n). Determine f(13).
2
Let r be ((-8)/16)/(2/(-4)). Let x(o) = 4 - 3*o - 6 - 2 + r. Calculate x(-3).
6
Let y(c) = -6 - 7 + 4*c - 5 + 7 + 5*c. Give y(5).
34
Let o(n) = 2*n**2 - 3*n - 4. Suppose 15*u - 15 = 10*u. Calculate o(u).
5
Suppose 1200 = 4*g - 72. Let k(b) = 2*b - b + 0*b + 324 - g. Determine k(-10).
-4
Let w(z) be the third derivative of -z**7/2520 + z**6/80 - z**5/12 - 19*z**2. Let r(h) be the third derivative of w(h). Let v be 32/6 - (-2)/3. Determine r(v).
-3
Let b(p) = p**2 + 27*p + 2. Suppose 40*c = 62*c + 594. Give b(c).
2
Let v = -5 - -7. Let w = 4 + v. Suppose 3*b + 0*b + w = 0. Let i(n) = -3*n**2 - 2*n + 1. Give i(b).
-7
Let t(j) = 9*j**2 + 8*j - 11. Let x(b) = -5*b**2 - 4*b + 6. Let m(h) = 4*t(h) + 7*x(h). Determine m(-4).
-2
Let b(f) = 3*f - 2. Suppose -5*s + 68 = 4*r, 5*r = -0*s + 3*s - 26. Let y be 8/s - 2/3. Suppose 2*j - 4 = -y*j. Calculate b(j).
4
Let t be (-12)/9*(-3)/(-2). Let p be ((-3)/(-15))/(5/25). Let h(x) = p + 0*x + 4*x - 3*x + 2*x. Determine h(t).
-5
Suppose 4*n = 2 + 18. Let j(k) = -7*k + 5 - 12 + 4. Let c(z) = -6*z - 3. Let q(b) = -6*c(b) + 5*j(b). Give q(n).
8
Let u = 26 + -34. Let z be (-4)/u + (-22)/(-4). Let j(w) = w**2 - 5*w + 3. Give j(z).
9
Suppose 0 = 2*s + 2*w + 80, 5*w = 4*s + w + 144. Let x = 40 + s. Let d(r) = -r**3 + r**2 - 4*r**3 + 2*r - 1 + 3*r**3. Give d(x).
-9
Let q(t) = 3*t + 4. Suppose -b - b - 45 = 3*o, -4*b = o + 5. Let h = o - -34. Let p = h + -20. Calculate q(p).
-5
Let c(u) = 6*u**3 - 7*u**2 + 4*u + 3. Let t(z) = -7*z**3 + 7*z**2 - 5*z - 5. Let j(m) = -6*c(m) - 5*t(m). What is j(7)?
14
Let w = 36 + -34. Let f(i) = -6 + 5*i - i**3 + 4*i**w - 2*i**2 + 5*i**2 - 2*i**2. Determine f(6).
-12
Let z(m) = 19*m + 19*m**2 + 154 - m**3 + 0*m**3 - 140. What is z(20)?
-6
Let y(r) be the first derivative of 3*r**2/2 - r - 1. Let d be (-608)/(-76) - (0 - -3). Give y(d).
14
Let u(x) be the first derivative of -x**3/3 - 5*x**2/2 - 37. Let j = 19 - 11. Suppose -j + 2 = g. Give u(g).
-6
Let i(z) = z. Let g(o) = -7*o**3 - 2*o**2 - 2*o - 2. Let p be g(-1). Determine i(p).
5
Let u(c) be the third derivative of c**6/40 - 4*c**5/15 + 5*c**4/24 - 5*c**3/6 - 2*c**2 + 141*c. Give u(5).
-5
Let z(a) = -a + 4. Let w(u) = -5 + 3 + 6 + 6*u - u**3 - 3. Let t be w(3). Let c = t + 13. What is z(c)?
-1
Let l(t) = -34*t - 22. Let c(p) = 16*p + 10. Let i(b) = -9*c(b) - 4*l(b). Determine i(-1).
6
Let f(p) = -p**3 - 8*p**2 + 8 - 7 - 4. Calculate f(-8).
-3
Let l(s) = -s**3 + 9*s**2 + 13*s - 12. Let i(c) = c**3 - 9*c**2 - 14*c + 13. Let u(n) = 3*i(n) + 4*l(n). Determine u(10).
-9
Suppose 3*h + 8 = t, -5*t + 16 - 8 = h. Let o(b) = -9*b - 4. Calculate o(h).
14
Let i(u) = -u**2 - 16*u + 23. Let q be (-2 - 16/(-6))/((-58)/1479). What is i(q)?
6
Let r(y) = y**2 + 11*y + 11. Let j be r(-10). Let h(l) = 2 - 1 + j - l - l. Calculate h(-5).
12
Suppose -k - 21 = -8*k. Let z(x) = x - 7 - 7*x**2 + 2*x + x**k + 9. What is z(6)?
-16
Let m(r) = 2*r + 1. Let n(j) = j - 1. Let v(w) = -8*w - 3. Let k(h) = -2*n(h) - v(h). Let a(o) = k(o) - 2*m(o). Determine a(-8).
-13
Let d(s) = -s**2 + 2*s + 4. Suppose -w - 4*u = 0, -w - u = 2*u. Calculate d(w).
4
Let r(k) = 3*k - 6. Suppose 13 = 2*y - 5*c, -2*c - 2 = -0. Determine r(y).
6
Let q(c) = -c - 17. Let z = -36 - -25. Calculate q(z).
-6
Let v(b) be the third derivative of b**4/8 + b**3 - 48*b**2. Determine v(-4).
-6
Let v(g) be the second derivative of -1/2*g**2 + 19*g + 1/3*g**3 + 1/6*g**4 + 0. Determine v(-2).
3
Let m(g) = g**2 - 1. Suppose -t + 56 = -k, -3*k = 2*k - t + 296. Let q be k/(-27) + (-8)/36. What is m(q)?
3
Suppose -d = -3*c - 5*d - 7, -5*c + d = -19. Let m(n) = -3*n**2 + 0*n**2 - 2*n - 8*n**3 + 7*n**2 + 7*n**c. Give m(4).
-8
Let h(z) be the first derivative of 2*z + 9 + 5/2*z**2. Determine h(-2).
-8
Suppose -2*g - 12 = -6*g. Let a(m) = 0 - 4 + 3*m + m**g - 4*m**2 + 2*m. Suppose 2*s = 41*y - 38*y - 7, -7 = -2*y - s. Give a(y).
2
Let o(x) = -306*x + 4. Let u be o(-1). Let f(d) = 155 - u + d + 149. Let s be 16/6 - 2/(-6). Determine f(s).
-3
Let u(r) = r + 6. Let h(p) = -p - 123. Let x be h(0). Let f = x + 114. Determine u(f).
-3
Let w(s) = s**2 + 7*s + 6. Let p be -4 + (-1)/((-4)/(-12)). Let z be w(p). Let a(n) = n - 8. Calculate a(z).
-2
Let m(h) = 3*h - 10 + 2 + 10 - 4*h. Let k(v) = -v**2 + 7*v - 4. Suppose -5*g + 3*c = -4*g, -3*g + 20 = c. Let a be k(g). Calculate m(a).
0
Suppose 14*q + 7*q = -210. Let s(b) = b + 7. Give s(q).
-3
Let m(b) be the third derivative of -b**7/2520 - b**6/180 + b**5/12 - 12*b**2. Let s(n) be the third derivative of m(n). Calculate s(-4).
4
Let z(v) be the second derivative of -v**5/20 + 5*v**4/12 - 5*v**3/6 + 3*v**2/2 - 255*v. Give z(3).
6
Suppose -5*b - g + 19 = 0, b + 5 = 4*b - g. Let i(v) = v**3 - 2*v**b + v - 4*v**2 + 0*v**2 + v**2 + 3. Let o be 2/5 + 17/(-5). Give i(o).
0
Let l(a) be the second derivative of -a**3/6 + a**2 - 239*a. Calculate l(0).
2
Let p(w) = -2*w - 4. Suppose s + 9 = 2*a, -5*a = -0*s + 3*s - 28. Suppose a*d + 13 = -0*d - 4*q, -3*d + 3*q = 24. Determine p(d).
6
Let m(s) = -2*s**3 + s. Let c = -27 + 0. Let h be c/9*(-4)/(-6). Give m(h).
14
Let r(j) = -13 - 4*j + 4*j - 1 - 4 - 3*j. Give r(-12).
18
Let h(y) be the first derivative of -y**4/4 + 2*y**3/3 + y**2/2 + 4*y - 1. Suppose 0 = -69*l - 51*l + 360. Give h(l).
-2
Suppose 5*l - 36 = 3*l + 4*t, -3*l + 34 = -t. Let o be 15*l/15 + -2. Let v(x) = x + o - 6*x - 1 + 4*x. Calculate v(6).
1
Let g(l) = -7 - 4*l + l**2 + 0*l**2 - 3*l. Suppose -9*y + 8 = -i - 4*y, -5*i + 47 = 4*y. What is g(i)?
-7
Let h(p) be the first derivative of -p**6/360 - p**5/120 + p**4/6 + 16*p**3/3 + p**2/2 + 16. Let n(g) be the third derivative of h(g). Calculate n(-4).
-8
Suppose 0 = t + 2*t + 6. Let g(o) be the first derivative of -3/2*o**2 + 1/4*o**4 - 1/3*o**3 - 2*o - 14. Give g(t).
-8
Let h(z) be the second der